= 94*w - 17226. Let v(a) = -a**3 + 8*a**2 - a + 6. Let b be v(8). Calculate the remainder when w is divided by ((-30)/4 - -1)*b.
9
Suppose -4*x + 814 = -102*k + 107*k, -2*x = 3*k - 492. Suppose 0 = -2*h - 3*m + 121, -2*h + 7*m = 2*m - 113. What is the remainder when k is divided by h?
52
Calculate the remainder when 12/((-3*3/6)/(153/(-12))) is divided by 9.
3
Suppose -5*i = 3*o - 1133, 93 = i + 4*o - 137. What is the remainder when 409 is divided by i?
183
Let w = -389 + 125. Let z = -186 - w. Suppose -150 = -4*c + 2*j, -449*c = -445*c - j - 155. What is the remainder when z is divided by c?
38
Suppose 2*a + 4255 = 25*a. Let k = 188 - a. Let s = 14 + -10. What is the remainder when s is divided by k?
1
Let j(p) = 14*p**2 + 2*p + 1. Let t(c) be the first derivative of 8*c**3/3 + c**2/2 - 7*c + 67. What is the remainder when t(-2) is divided by j(-1)?
10
Suppose 6*a = 1748 - 1604. What is the remainder when 661 is divided by a?
13
Suppose 1420 = 13*o - 9*o. Let v = o + -348. Suppose -f = 2*m - 95, 7*f + 165 = 4*m + 4*f. Calculate the remainder when m is divided by v.
3
Suppose -1935 = 4*q - 2491. Calculate the remainder when 376 is divided by q.
98
Let r(y) = -y**3 - 24*y**2 - 56*y - 26. Let z(c) = -48*c - 224. Calculate the remainder when r(-22) is divided by z(-6).
46
Suppose 5*n - 2452 = p, -n + 488 = 2*p - p. Let g(u) = 143*u**2 + 2574*u + 82. What is the remainder when n is divided by g(-18)?
80
Suppose q - 2*l - 10 = -5*l, -5*q + 120 = l. Let h(p) be the first derivative of 3*p**2 + 79*p - 11. What is the remainder when q is divided by h(-11)?
12
Let k(y) be the first derivative of -y**3/3 + 8*y**2 - 37*y - 78. What is the remainder when 49 is divided by k(12)?
5
Suppose 0 = -11*a + 672 + 428. Suppose 82 = 7*r - a. Let i = -15 + r. Calculate the remainder when i is divided by 7.
4
Let b = 3 - -25. Suppose 0 = -18*l - 55 - 17. Calculate the remainder when b is divided by l/14 - 288/(-28).
8
Let i(q) = 9*q**2 - 56*q + 10. Calculate the remainder when i(-5) is divided by 52.
47
What is the remainder when 684 is divided by (-2 + 4 - -14) + 154?
4
Let z = -100 - -214. Suppose 0 = -2*u + 2*y - 542, -2*y = 2 + 2. Calculate the remainder when z is divided by 78/u - (-550)/14.
36
Let v(h) = -h + 16. Let n = -1 + 13. Suppose 143 = n*d - 1. Calculate the remainder when d is divided by v(11).
2
Let q(d) be the first derivative of -d**3/3 - 3*d**2/2 + 7*d - 14. Let u be q(-4). Calculate the remainder when 93 is divided by (0 + 1/u)*513/9.
17
Let f be (-18)/63 + (-44)/(-7). Suppose -4*b = 36 - 56. What is the remainder when -2 + f + -2 + 11 is divided by b?
3
Suppose 242*a = 285*a - 1849. What is the remainder when a is divided by 11?
10
Let l be (3/(-12) - 7705/(-20)) + 6. Suppose 8*n - 615 = -l. Calculate the remainder when 81 is divided by n.
25
Suppose m - 396 = -5*r, -29*m + 30*m = -3*r + 240. Calculate the remainder when 5614 is divided by r.
76
Let j(n) = -2*n**2 + 115*n + 16. Let w(i) = 7*i**2 + 29*i + 79. Let a be w(-3). Calculate the remainder when j(a) is divided by 6.
3
Suppose 142*i = 10728 + 9081 + 12709. Calculate the remainder when i is divided by 1.
0
Let j be -5 - -15*5/((-125)/(-10)). What is the remainder when (0 - 5) + 74 - (j + -5) is divided by 30?
13
Suppose -15567 + 5887 = 88*c. Suppose 3*w + 2*d - 95 = 0, 2*w + 0*w - 45 = -5*d. What is the remainder when w is divided by 20/c + 202/22?
8
Suppose -4*g - l = -344, 12 = -2*l + 4. Let h be ((-1)/2)/(1/(-58)). Suppose 0 = 3*d + 1 - 4, k = d + h. Calculate the remainder when g is divided by k.
27
Let d(o) = o + 16. Let f be d(-21). What is the remainder when (-3700)/(0 + f) + (-5 - 0) is divided by 23?
22
Let i(q) = -120*q - 1011. Calculate the remainder when i(-9) is divided by 12.
9
Let s = 48039 - 48003. Calculate the remainder when 1144 is divided by s.
28
Let p(h) be the third derivative of h**4/8 - 7*h**3/3 - 426*h**2. Let m(c) = c**2 + 4*c + 3. Let n be m(-5). Calculate the remainder when 29 is divided by p(n).
9
Let v(b) = b**2 - 8*b - 71. Let r be v(13). Let d(m) = m**2 - 8*m - 65. What is the remainder when 377 is divided by d(r)?
16
Calculate the remainder when (13 - -3) + 4 + -10 is divided by 3.
1
Let v = -39 + 41. Suppose v*b = -3*a + 14, 4 = -2*a - 0*b + 2*b. Suppose a*g - 49 = -5*g. What is the remainder when 11 is divided by g?
4
Let y = 2188 - 2173. What is the remainder when 8262 is divided by y?
12
Suppose 0*p + 3*p = 453. Suppose 2*j = -5*j + 154. Calculate the remainder when p is divided by j.
19
Let a = -1277 - -1296. Calculate the remainder when 21 is divided by a.
2
Let p(z) = 2*z**2 + 7*z + 24. Let m be p(-4). Suppose 0 = m*l - 52 + 24. Calculate the remainder when 16 is divided by l.
0
Suppose -3*t + 5*h = -1008, -4*t - 4*h = 244 - 1556. Suppose -9*n - t = -3949. Suppose n + 366 = 12*c. Calculate the remainder when c is divided by 13.
12
Let h(n) be the third derivative of n**5/60 + n**4/12 + 2*n**3/3 + 36*n**2. Calculate the remainder when 4 is divided by h(-2).
0
Suppose 4*q + 4*k = 1040, -4*k - 33 = -53. Calculate the remainder when q is divided by 255.
0
What is the remainder when 218 is divided by 2/5 + (-1390)/(-25)?
50
Suppose 4*g + 12*g - 5856 = 0. Let w = g - 349. What is the remainder when w is divided by (-8 + 1)*(-12)/14?
5
Suppose -68*h = -62*h. Suppose 11*a - 642 - 601 = h. What is the remainder when a is divided by 0 + 22 - (1 + -2)?
21
What is the remainder when (42/1008*-24)/(2/(-19460)) is divided by 263?
262
Let m be (-1)/((-18)/2606) + (-4)/(-18). Suppose -u - 4*u - m = -5*h, -3*u = 6. Suppose 5*g = 2*g + 21. Calculate the remainder when h is divided by g.
6
Calculate the remainder when (0 - 1)/(18/594)*-3 is divided by 24.
3
Suppose -788*x + 799*x - 2365 = 0. Calculate the remainder when x is divided by 7.
5
What is the remainder when (-21)/28 + ((-11030)/(-8) - (1 + -2)) is divided by 28?
7
Suppose -56*u = -58*u - 3*w + 1642, 0 = -u - 3*w + 815. Calculate the remainder when u is divided by 172.
139
Let q = -147 + 211. Suppose q*d = 59*d + 1840. Let n = d - 80. Calculate the remainder when n is divided by 17.
16
Let i(x) = x**3 - 7*x**2 + 9*x + 11. Let q be i(5). Suppose 12 = q*y - 3*y. Calculate the remainder when 12 is divided by y.
0
Let z be (-2)/4 - 50/(-40)*26. Suppose 5*x + 3*t = 28 + z, 5*t = 25. Calculate the remainder when 15 is divided by x.
6
Suppose 3*l - 10*l = 224. Suppose -11*d + 308 = -7*d. Let j = l + d. What is the remainder when 223 is divided by j?
43
Let l(t) = 28*t**2 + 14*t + 334. Calculate the remainder when l(-11) is divided by 85.
83
Suppose 23*m = 30*m - 126. Let n = -80 - -82. Suppose -r - 138 = -2*s, -s - n*s + 3*r + 210 = 0. What is the remainder when s is divided by m?
14
Let f = -792212 - -792881. Suppose -3 - 25 = -2*i. Calculate the remainder when f is divided by i.
11
Let w(o) = o**2 - 11*o + 16. Calculate the remainder when (0 + -70)/(40 + -41) is divided by w(12).
14
Let z be ((-1)/(-2))/(4/24). What is the remainder when (194/(-291))/(2/(-21)) is divided by (2/(-2))/(z/(-6))?
1
Let g(x) = 4*x**2 - 52*x - 3060. Suppose -4*a + 0*a + 96 = -4*q, -a = -4*q - 9. What is the remainder when a is divided by g(-22)?
9
Let k = 180 + -188. Calculate the remainder when 114 is divided by 9 + k - 3*-1.
2
Let b(p) = -10*p**2 + 136*p - 45. What is the remainder when 188 is divided by b(12)?
41
Suppose -129 = 39*m - 519. What is the remainder when 116 is divided by (-6)/((18/m)/(-3))?
6
Suppose 4*f = -5*s + 2115, 2*f - 56*s - 1062 = -60*s. What is the remainder when f is divided by 8?
5
Suppose -76 = -4*h + 2*c, 11*h + c = 16*h - 98. Suppose -h*r + 516 = -624. Calculate the remainder when r is divided by 10.
7
Let a = -4642 - -4653. Calculate the remainder when 339 is divided by a.
9
Let p be (0/(-2))/(10 - 8). Calculate the remainder when p + 18 - 60/(-10) is divided by 12.
0
Suppose 31*p - 30*p = -5, -4*f - p = -131. Let k(n) = 5*n**2 + 2*n. Let z(a) = -a**2 - 8*a - 7. Let u be z(-6). What is the remainder when k(u) is divided by f?
33
Suppose 2*t = 5*d + 22 + 2, 0 = 3*t + 2*d + 2. Suppose o - t*q = 12, 78*q + 17 = o + 77*q. What is the remainder when 49 is divided by o?
5
Suppose -j - 11*j = -816. Calculate the remainder when j is divided by 19.
11
Let r = -289 - -293. Suppose -r*m - 4*m + 768 = 0. Calculate